t r = 10 - 7. Suppose -r*h + 12 = -15. What is the units digit of 19/3 + 6/h?
7
Suppose 7*c - 93 = 54. What is the tens digit of c?
2
Let f be (2 - 3)*(2 + -11). Suppose -f*b = -4*b. Suppose b = 5*l - 3 - 22. What is the units digit of l?
5
Suppose 5*r + 328 = 1763. What is the tens digit of r?
8
Suppose -4*g + 896 = 2*l + 3*l, -4*l + 692 = -3*g. What is the units digit of l?
6
Suppose 126 = -4*q + 5*q. What is the hundreds digit of q?
1
Let x(i) = 2*i + i**2 - i**3 + 3*i**2 - 6*i - 1. Let j be x(3). Let q = 21 + j. What is the units digit of q?
7
Let i be 4/10 + (-114)/(-15). Suppose l + 3*l = -i. What is the units digit of -1*1/2*l?
1
Let a(s) = 8*s**2 + 1. Suppose -q + 9 = -2*q - 2*b, 4*b = 5*q - 11. What is the units digit of a(q)?
9
Let j = -4 - -51. What is the tens digit of j?
4
What is the units digit of 6/4*30/27*123?
5
Let v be 6/4*16/(-3). What is the units digit of (-2)/v + 7/4?
2
Let s(d) = -d**3 - 5*d**2 + 7*d + 6. Let c be s(-6). Let a be -2 + -1 + c + 2. Let y = a + 3. What is the units digit of y?
2
What is the hundreds digit of (-2)/(12/(-770)) + (-8)/(-12)?
1
Let i = -21 + 35. Let d = i + -10. What is the units digit of d?
4
Let z(l) = -l - 18. Let t be z(-9). Let g(i) be the third derivative of i**5/60 + i**4/3 - 4*i**3/3 + 2*i**2. What is the units digit of g(t)?
1
Suppose -5*d + 0 - 10 = 0, 0 = 2*y + 4*d - 8. Let k = y - 3. What is the units digit of k?
5
Suppose 5*t - 185 = -5*q + 2*t, q - 37 = 3*t. What is the units digit of q?
7
Let m be (1/(-1))/(-1)*-21. Let s be 2/7 - 162/m. Suppose -3*n - 35 = -s*n. What is the units digit of n?
7
Let n(i) = -i**3 + 5*i**2 + 5*i + 5. What is the tens digit of n(5)?
3
Let l(f) = -f - 7. Let t be l(4). Let a = -7 - t. What is the units digit of a?
4
Suppose -4*l = 4*f - 0*l - 32, 3*f - 5*l + 16 = 0. Let o be (f - 0)/((-6)/(-4)). Suppose 0 = -o*g + g + 1. What is the units digit of g?
1
Suppose 0 = -2*z + 4 + 2. Let i(k) = k**3 - 3*k**2 + 2*k + 1. Let a be i(z). Suppose 3*w - 14 = a. What is the units digit of w?
7
Let r = -15 + 10. Let v be ((-8)/r)/(8/20). What is the units digit of v/(-22) - (-24)/11?
2
Let s be (-84)/(-49) - 4/(-14). What is the tens digit of 3 - (-14 + (-1 - s))?
2
Let v = 180 - 128. What is the tens digit of v?
5
Suppose -6*s + s + 120 = 0. Suppose p + s = -p. Let v = p - -18. What is the units digit of v?
6
Let d = 4 + 6. Let f = -5 + d. What is the units digit of f?
5
Suppose 3*k = 36 + 6. Suppose x - 5*x + 20 = 0. Let q = k - x. What is the units digit of q?
9
Suppose -3*r = -r - 20. Let s = r - 7. Suppose 1 = x + 2*i, 17 = s*x - 2*i + i. What is the units digit of x?
5
Let f(k) be the third derivative of -k**5/30 - k**4/4 + k**3/3 + k**2. Let l be f(-5). Let z = -11 - l. What is the units digit of z?
7
Let c(j) = -j**2 - j + 1. Let q(g) = 6*g**2 + 15*g - 3. Let v(x) = -5*c(x) - q(x). What is the units digit of v(-6)?
2
Let c = -20 - -44. Suppose 2*j - 5*j = -c. What is the units digit of j?
8
Let z = -3 - -6. Suppose -2*s + 3*s = z. Suppose s*x = 4*x - 12. What is the tens digit of x?
1
What is the hundreds digit of (-8334)/(-63) + (-2)/7?
1
Let d be (3 - 5)/((-1)/2). Suppose 70 = z + d*z. What is the units digit of z?
4
Let y = -28 + 41. Suppose -3*w + 2*w = -y. What is the units digit of w?
3
Let p(o) = 2*o**2 + 7*o - 27. What is the tens digit of p(-14)?
6
Let c = -9 + 7. What is the units digit of 2 - (0 + 0 + c)?
4
Let h be 5/(-10) - 113/(-2). Let s = h + -24. Suppose 0*w - 22 = -3*w + 4*b, -3*w = b - s. What is the units digit of w?
0
What is the units digit of (-2 - 156/(-9))*12/4?
6
What is the tens digit of 8/(-64) - (-1250)/16?
7
Let i(n) = -n**3 + 12*n**2 - 10*n. What is the hundreds digit of i(10)?
1
What is the hundreds digit of (-2 + 70)/(3*2/27)?
3
Let i(b) = 43*b + 1. Let o be i(1). Let d = o + -23. What is the units digit of d?
1
Suppose 2*j + 0*j - 1 = -3*c, -j = 2*c + 1. Suppose 3*q + 2*f - 24 = 0, q + 5*f = -2*q + 24. Let z = q - j. What is the units digit of z?
3
Suppose -4*l - 53 = -5*d, 0*d + 4*d + 5*l - 67 = 0. What is the units digit of d?
3
Let w = 129 - 34. What is the tens digit of w?
9
Let m = -37 - -103. What is the units digit of m?
6
Let d(c) be the second derivative of c**5/20 - 7*c**4/12 + 3*c**3/2 - 4*c**2 - 2*c. What is the units digit of d(6)?
0
Let d(o) be the first derivative of o**3 + o**2 + 3*o + 5. What is the tens digit of d(-2)?
1
Let c be -1 - 21/(1 - 4). Suppose 27 = -5*k + c*k. What is the units digit of k?
7
Suppose -1 = t - 6. Suppose -15 = -t*w - 5. Suppose 2*g = -w, g = -3*u - 4*g + 1. What is the units digit of u?
2
Let s be 2/8*-2*-4. Let b be (-1)/s*84/3. Let x = -6 - b. What is the units digit of x?
8
Suppose 5*r + 12 = -48. Let h = -9 - r. What is the units digit of h?
3
Suppose 4*u = -5*z - 8, 2*z + 8 = -4*u - z. Let j = u - -6. Suppose 0 = -j*h - 2*p + 14, -2*h = h + 5*p - 28. What is the units digit of h?
1
Let g(s) = 5*s - s**3 - 4*s**2 - 2 + 1 - 1. Let n be g(-5). Let c = n + 5. What is the units digit of c?
3
Suppose 2*t + 2*t = 0. Let v(m) = m + 0 + t*m + 8. What is the units digit of v(0)?
8
Let a(y) = 4*y - 1. Let g be a(-1). What is the tens digit of (-5)/g + 20/2?
1
Suppose 43 = 2*z - 75. What is the tens digit of z?
5
Let w(l) = 12*l**2 + 3*l + 9. What is the hundreds digit of w(-3)?
1
Let v be 2/3 - 26/(-6). Let q = v + -3. What is the units digit of q + -1*(0 - 1)?
3
Suppose 0*v - v = 0. Suppose 5*g = m + 23, v = -g - 4 + 9. What is the units digit of m?
2
Let t(n) = -n**3 + 7*n**2 - 7*n + 6. Let i be t(6). Suppose -2*k - a = -26, 4*k + i*k = 4*a + 76. What is the units digit of k?
5
Suppose -l + 86 = -4*d, -5*l - 32 = 2*d - 396. What is the units digit of l?
4
Let o = 22 + -13. Let z(w) = w**3 + 5*w**2 - 2*w + 7. Let d be z(-5). Let m = d - o. What is the units digit of m?
8
Let f(q) be the third derivative of q**5/60 + q**4/24 - q**3/2 + 2*q**2. Let t be f(0). What is the units digit of (t/(-5))/((-3)/(-45))?
9
Suppose 2*v - 9 = 15. Let l be (-27)/(-4) + 3/v. What is the units digit of l - (-6)/(-1 + -2)?
5
Let q = -4 - 0. What is the units digit of 7 - q/((-1)/(-1))?
1
Let i = -1 - -5. Suppose p - i*p = 0. Let n(q) = -q**2 + q + 11. What is the tens digit of n(p)?
1
Let k(x) be the first derivative of x**4/4 + 2*x**3/3 - x**2/2 + x - 1. What is the units digit of k(-2)?
3
Let l(d) = -d**3 - 6*d**2 - 6*d - 1. Let s(f) = -f**2 - 2*f - 2. Let j be s(-3). What is the units digit of l(j)?
4
Let j(k) = k + 65. What is the units digit of j(-22)?
3
Suppose -30 = -2*d - 4*a, 5*a - 27 = -2*d + 7. Let y = d - 1. Suppose -3*j = -2*j - y. What is the units digit of j?
6
Let b(q) = 3*q - 1. Let x = -3 + 5. Let s be b(x). Suppose -n = -2 - s. What is the units digit of n?
7
What is the units digit of (-88)/(-12)*(-2 - 13/(-2))?
3
Let b = 15 + -12. Suppose 4*m - 32 = 3*m - b*j, 2*j = -4*m + 108. What is the tens digit of m?
2
Suppose 5*j - 245 = -4*u, -j + 5 = 4. Suppose 6*n - n = u. What is the units digit of n?
2
Let l be 1 + 0 - (-2 - 3). Suppose 0 = -7*g + l*g - 21. What is the units digit of 4/14 - 120/g?
6
Let k(l) = -2*l**3 + 1. Let c be k(-1). What is the units digit of c/(2 - (-26)/(-16))?
8
Suppose 2*z + 20 = -3*z. Let r = z + 11. Let w(g) = -g**3 + 8*g**2 - 5*g - 10. What is the units digit of w(r)?
4
Let q = -84 + 127. Suppose -3*b + 65 = -q. What is the units digit of b?
6
Let i(t) = -t**2 + 9*t + 11. What is the units digit of i(8)?
9
Let g(y) = y**3 + 5*y**2 - 8*y - 7. Let l be g(-6). Suppose 3*o - 140 = -l*k - 37, -61 = -3*k - o. What is the tens digit of k?
2
Suppose -4*v + 0*v = -12. Suppose 17 + 44 = 2*x + 5*p, 3*x - v*p = 81. What is the tens digit of x?
2
Suppose 0 = 3*f - 2*s + 9 + 71, -s = -2*f - 55. Let j be (18/(-4))/(5/f). Suppose 0*h = 3*h - j. What is the units digit of h?
9
Suppose 3*q - 2*q - 1 = 0. Let m = q - -16. Suppose -4*t + m = -7. What is the units digit of t?
6
What is the units digit of 5/25 - (-129)/5?
6
Suppose -3 = 3*l - 2*l - r, 0 = -r + 5. What is the tens digit of 25/l + 1/2?
1
Suppose 3*y + 28 = -4*x, 0 = 4*y + 19 - 3. Let m = x - -8. Suppose s - 2*s + 16 = -m*o, 0 = -5*s - 3*o + 80. What is the units digit of s?
6
Suppose 0 = 2*w + 2, 0 = -4*t + w + 3 + 6. Suppose 4*x = 8*x - 8. Suppose t*g - x = -0*g. What is the units digit of g?
1
Suppose 0 = -2*d